 when 18 is divided by r.
3
Let c(h) = h**3 + 14*h**2 - 2*h + 20. Let x = 142 - 140. Suppose -x*l + 2*i + 3*i + 266 = 0, -2*i + 8 = 0. Calculate the remainder when l is divided by c(-14).
47
Let v(t) = -t**3 + 4*t**2 + 6*t + 7. Let q be v(5). What is the remainder when 6/(-51) - (-5875)/85 is divided by (-1)/(-3) - (-416)/q?
34
Let a(k) = 4*k + 12. Let v be a(-16). What is the remainder when (135/(-10))/(39/v) is divided by 4?
2
Let j = -7 - -9. Suppose -299 = -406*r + 405*r. Suppose j*t + 5*x = r, -3 = -2*x + x. What is the remainder when t is divided by 24?
22
Let l(y) = 12*y**2 + y - 7. Let t be l(7). Suppose -t = 17*x - 59*x. What is the remainder when x is divided by 6?
2
Let r = 169 - 111. Suppose 2*c = c - 3*h + r, -4*h = -5*c + 309. Let u = c + -49. Calculate the remainder when 43 is divided by u.
7
Let h = 4427 - 4405. Calculate the remainder when h is divided by 4.
2
Suppose -9*n = 62*n - 31737. Calculate the remainder when n is divided by 24.
15
Let r be (3/24 - 978/16) + 1. Let h = 319 - r. Calculate the remainder when h is divided by 10.
9
Let i = 8 - 4. Suppose z - i*f = 23, 2*z - 43 = -z - f. Calculate the remainder when z is divided by 3*(-12)/420*-5*7.
0
What is the remainder when 879 is divided by (-14012)/(-992) + (-3)/24?
11
Suppose 4 + 4 = j. Calculate the remainder when j is divided by 1/2*28/(-126)*(4 - 49).
3
Let p(c) = -22*c + 932. What is the remainder when 93 is divided by p(41)?
3
Let r(v) = -6*v**3 + 235*v**2 - 34*v - 12. What is the remainder when 932 is divided by r(39)?
17
Let x(g) = 5*g**2 - 17*g + 320 - g - 319. What is the remainder when x(7) is divided by 25?
20
What is the remainder when 1216 is divided by -1 - 3 - -13 - (32 - 56)?
28
Let c = -2174 - -2306. Calculate the remainder when 387 is divided by c.
123
Let c = -40 + 81. Suppose -5*j + 32 = 107. Calculate the remainder when c is divided by (-5)/j*16*(-15)/(-5).
9
Let g be ((-14)/(-8))/(-7) + (-196)/(-16). Suppose 6*r - g*r = -90. What is the remainder when 2*1 + (0 - -40) is divided by r?
12
Let o(r) = -r**2 - 6*r - 7. Let j be (-126)/24 + (-2 - (-18)/8). Let c be o(j). Calculate the remainder when (-2)/(-10) + ((-36)/(-20) - c) is divided by 4.
0
Suppose -4*b + 2*x + 548 = -240, 0 = -3*b + 5*x + 591. Let t = b + -133. What is the remainder when t is divided by 42?
22
Let v(x) = -348*x + 6225. What is the remainder when v(-21) is divided by 94?
91
Let y = 224 - 466. Let r = 511 + y. Calculate the remainder when r is divided by 10.
9
Let s(j) = 2*j**2 + 13*j - 12. Let k be 10/4*8/(-2). Let f be s(k). Let c = -12 + f. What is the remainder when c is divided by 12?
10
Suppose 705 = -0*q + 13*q - 8*q. What is the remainder when q is divided by 6?
3
Let k(v) = -37*v - 2264. Calculate the remainder when 1018 is divided by k(-62).
28
Let p(v) = 3*v + 0*v + 11 + 38*v**3 - 4 - 9. What is the remainder when p(1) is divided by 1?
0
What is the remainder when ((-15543)/(-297))/(2/18) + (-1 - 0) is divided by 78?
2
Let i(g) = g**2 - 2*g. Let t be i(5). Let o = t + -14. Calculate the remainder when ((-140)/2)/(-5)*o is divided by 5.
4
What is the remainder when 4 + 6098/12 + (-2)/12 is divided by 12?
8
Suppose 9*m - 24*m = -60. What is the remainder when 29 is divided by m*-1 - 3/(18/(-48))?
1
Let k(q) = -11*q + 382. Calculate the remainder when 108 is divided by k(27).
23
Let t = 416737 - 416574. Suppose -2*r + 36 = -3*b + 5*b, 0 = -5*b + 5. Calculate the remainder when t is divided by r.
10
Let w(m) = 16*m + 859. Let l(s) = -1 - 2*s - 3*s - 9*s. Calculate the remainder when w(-47) is divided by l(-2).
26
Suppose 4*r - 80929 = -3*o, -12*o - 26977 = -13*o - r. Calculate the remainder when o is divided by 190.
189
Suppose -1120 = -160*s + 152*s. Suppose c + c - s = 0. What is the remainder when 200 is divided by c?
60
Let i = -89 - -93. Suppose r + 2 = 0, 0 = -z - i*z + 4*r + 48. What is the remainder when 23 is divided by z?
7
Suppose -3*m = 43*i - 42*i - 144, 3*i + 179 = 4*m. What is the remainder when 1072 is divided by m?
38
Calculate the remainder when ((-2)/8)/((-1)/(-38248)*-14) is divided by 337.
9
Let t = -24598 + 24659. Suppose 4*q = -4*s - 0*s + 20, 2*q = 3*s - 5. Suppose -g = -s*g + 62. Calculate the remainder when t is divided by g.
30
Let a(k) = k**3 + 12*k**2 - 16*k - 10. Let g be (-1)/(5 + -4)*-13. Let f = -26 + g. What is the remainder when a(f) is divided by 16?
13
What is the remainder when (-36 + 11 + -4)/(1 - (-366)/(-363)) is divided by 78?
77
Suppose 122 = q - 57*w + 60*w, -3*w - 473 = -4*q. What is the remainder when 828 is divided by q?
114
Let r = -285370 + 285390. Let v = 3 - -10. What is the remainder when r is divided by v?
7
Let h(f) = 28*f - 204. Let s(x) = -57*x + 408. Let l(q) = 5*h(q) + 2*s(q). What is the remainder when l(13) is divided by 45?
44
Suppose -65 = 7*g + 285. Suppose -3*w + 85 = -128. Let i = w + g. Calculate the remainder when 36 is divided by i.
15
Suppose 2*y - 44 = -13*o + 8*o, 2*y = o + 8. What is the remainder when 108 is divided by y?
3
Suppose 196*u = 193*u + 864. Calculate the remainder when u is divided by 104.
80
Let g = 386 - 363. Calculate the remainder when g/((-552)/80)*(-396)/10 is divided by 35.
27
Let o = 13328 - 13339. Let t(m) = -8. Let y(q) = q - 9. Let a(s) = 3*t(s) - 2*y(s). Calculate the remainder when 47 is divided by a(o).
15
Let z = 12815 - 12175. Calculate the remainder when z is divided by 127.
5
Let j = -3973 + 4061. What is the remainder when 613 is divided by j?
85
Let v(c) = -37*c**3 - 6*c**2 - 28*c - 73. Calculate the remainder when v(-4) is divided by 178.
175
Let q be (-5)/(140/(-2512)) + (-2)/(-7). Let j = q + -63. What is the remainder when 160 is divided by j?
25
Let w(i) = -i**3 - 5*i**2 + 18. Let b be w(6). What is the remainder when (-44)/242 - b/22 is divided by 4?
1
Let y(v) = -412*v - 8561. Let g = 8 - -28. Calculate the remainder when y(-21) is divided by g.
19
Suppose -344 = -7*a + 3*a. Let l be -1 + 9 + (154/(-2) - (-27 - -27)). Let v = a + l. What is the remainder when 66 is divided by v?
15
Let c(j) = 4*j**3 - 4*j**2 + 5*j. Let h be c(2). Suppose 3*v - 41 = -h. Calculate the remainder when 68 is divided by v.
3
Suppose 2*x = 0, -2*g + 357 = x + 81. Suppose -5*u - 3*t + 74 + 104 = 0, 0 = -4*u + 2*t + g. What is the remainder when 133 is divided by u?
28
Let h(y) = 15 + y + 3*y + y**2 + 3*y. Suppose 4*w - 10 = 2*l, 2*w - 54 = l + 7*l. What is the remainder when 27 is divided by h(l)?
12
Suppose -11 = -4*v - 5*x, -2 + 0 = 2*x. Suppose -5*b = -v*b + 4. Calculate the remainder when (-4)/(b/7) - (-1 - 2) is divided by 8.
2
Let c = -2555 + 2700. Calculate the remainder when 298 is divided by c.
8
Suppose -6 = -5*v + 4. Suppose 2*m - 14 - 56 = -3*d, v*d - 3*m - 25 = 0. Suppose 0 = -0*h + 3*h - 225. Calculate the remainder when h is divided by d.
15
Let s(y) = -75*y**2 - 1195*y + 94. Suppose -i - 7*w = -3*w - 56, -3*i = -4*w - 104. Calculate the remainder when i is divided by s(-16).
12
Let u = -6 + 11. Let q be (-90)/216*-12 + (-80)/2. Calculate the remainder when (-42)/q*(17 + -7) is divided by u.
2
Let g = -8258 - -8522. What is the remainder when g is divided by 41?
18
Let i(l) = -17*l**2 - 2*l - 3. Let u be i(3). Let x = -46 - u. What is the remainder when x is divided by ((-6450)/860)/((-2)/8)?
26
Let u = -8531 + 13153. What is the remainder when u is divided by 6?
2
Suppose 2*p - 3*p = 3*p. Suppose 13*t - 15*t + 236 = p. What is the remainder when t is divided by 60?
58
Suppose -12988 = -8*d - 5*z, -582*z = 2*d - 585*z - 3264. Calculate the remainder when 1655 is divided by d.
29
Suppose 4*k = -73 + 97. Suppose -4 - k = -y. Suppose -31 - 23 = -2*u. Calculate the remainder when u is divided by y.
7
Let o = -53 - -77. Suppose -o*g + 12*g = -228. Let f(p) = -7*p - 1. Calculate the remainder when f(-5) is divided by g.
15
Let v = -29 - -34. Let p be (-24)/5*(15 - v). What is the remainder when (1 + -44)/(16/p) is divided by 26?
25
Suppose -2940 = -3*w - 7*w. Let q be ((-8)/24)/(((-4)/w)/2). Let l = q + -44. Calculate the remainder when 17 is divided by l.
2
Let m = -4283 - -5240. Calculate the remainder when m is divided by 36.
21
Suppose a - 5*a = -808. Suppose -j + 2*l - 7*l = -49, 0 = 4*l + 16. Calculate the remainder when a is divided by j.
64
What is the remainder w